{"id":19,"date":"2022-06-13T00:19:12","date_gmt":"2022-06-13T00:19:12","guid":{"rendered":"http:\/\/isabellarolz.com\/website\/?page_id=19"},"modified":"2025-06-06T15:14:15","modified_gmt":"2025-06-06T15:14:15","slug":"19-2","status":"publish","type":"page","link":"http:\/\/isabellarolz.com\/website\/","title":{"rendered":"Home"},"content":{"rendered":"\n<div class=\"wp-container-2 wp-block-columns\">\n<div class=\"wp-container-1 wp-block-column\" style=\"flex-basis:100%\">\n<div class=\"alignfull\"><div id=\"metaslider-id-179\" style=\"width: 100%;\" class=\"ml-slider-3-27-8 metaslider metaslider-flex metaslider-179 ml-slider\">\n    <div id=\"metaslider_container_179\">\n        <div id=\"metaslider_179\">\n            <ul aria-live=\"polite\" class=\"slides\">\n                <li style=\"display: block; width: 100%;\" class=\"slide-181 ms-image\"><img src=\"http:\/\/isabellarolz.com\/website\/wp-content\/uploads\/2022\/07\/IMG_6460-1-700x700.jpg\" height=\"700\" width=\"700\" alt=\"Taking Pictures....\" class=\"slider-179 slide-181\" title=\"Taking Pictures....\" \/><\/li>\n                <li style=\"display: none; width: 100%;\" class=\"slide-183 ms-image\"><img src=\"http:\/\/isabellarolz.com\/website\/wp-content\/uploads\/2022\/07\/4DEDCBC5-D893-41D7-A9D7-A50642F9E80D-700x700.jpg\" height=\"700\" width=\"700\" alt=\"Isabella Rolz...\" class=\"slider-179 slide-183\" title=\"Isabella Rolz...\" \/><\/li>\n            <\/ul>\n        <\/div>\n        \n    <\/div>\n<\/div><\/div>\n<\/div>\n<\/div>\n\n\n\n<div class=\"wp-container-3 wp-block-group\"><div class=\"wp-block-group__inner-container\">\n<div style=\"height:150px\" aria-hidden=\"true\" class=\"wp-block-spacer\"><\/div>\n<\/div><\/div>\n\n\n\n<div class=\"wp-container-8 wp-block-columns alignwide\">\n<div class=\"wp-container-4 wp-block-column\" style=\"flex-basis:50%\">\n<div class=\"wp-block-cover is-light\" style=\"min-height:1176px\"><span aria-hidden=\"true\" class=\"wp-block-cover__background has-background-dim-100 has-background-dim has-background-gradient has-blush-light-purple-gradient-background\"><\/span><div class=\"wp-block-cover__inner-container\"><div class=\"wp-block-image\">\n<figure class=\"aligncenter size-full\"><img src=\"http:\/\/isabellarolz.com\/website\/wp-content\/uploads\/2024\/01\/Headshot-two-.heic\" alt=\"\" class=\"wp-image-273\"\/><\/figure><\/div><\/div><\/div>\n\n\n\n<figure class=\"wp-block-embed is-type-video is-provider-youtube wp-block-embed-youtube wp-embed-aspect-16-9 wp-has-aspect-ratio\"><div class=\"wp-block-embed__wrapper\">\n<iframe loading=\"lazy\" title=\"Panel: How Women and Girls are Affected by Conflict and Displacement - 9 February 2023\" width=\"1200\" height=\"675\" src=\"https:\/\/www.youtube.com\/embed\/Xzbxf3YRg_g?start=1&#038;feature=oembed\" frameborder=\"0\" allow=\"accelerometer; autoplay; clipboard-write; encrypted-media; gyroscope; picture-in-picture; web-share\" referrerpolicy=\"strict-origin-when-cross-origin\" allowfullscreen><\/iframe>\n<\/div><figcaption><strong>Isabella was invited as an expert to participate in the panel \u00a8How Women and Girls are Affected by Conflict and Displacement.\u00a8She discussed how this issue affects Latin America. <\/strong><\/figcaption><\/figure>\n<\/div>\n\n\n\n<div class=\"wp-container-7 wp-block-column is-vertically-aligned-center\" style=\"padding-top:1em;padding-right:1em;padding-bottom:1em;padding-left:1em\">\n<div class=\"wp-container-6 wp-block-columns\">\n<div class=\"wp-container-5 wp-block-column\" style=\"flex-basis:500px\">\n<p class=\"has-large-font-size\" style=\"line-height:1.6\"><strong>Bio<\/strong><\/p>\n\n\n\n<p class=\"has-normal-font-size\"><strong>Isabella Rolz<\/strong> is a bilingual journalist with over eight years of experience writing short-form and long-form stories and two years in video production. She\u2019s passionate about covering Central America, immigration, gender, development, and poverty worldwide. Her work has been published in The Washington Post, The Boston Globe, ABC News, CBS News, The New Humanitarian, Univision, and several other media outlets.<br><\/p>\n\n\n\n<p class=\"has-normal-font-size\">Isabella was born and raised in Guatemala City and completed her Graduate Degree at Columbia University\u2019s Journalism School in New York, with a scholarship from the Maria Moors Foundation. She\u2019s currently based between Guatemala and the United States. <\/p>\n\n\n\n<p class=\"has-normal-font-size\"><br>Interested in working with Isabella? She\u2019s available for freelance assignments both in English and Spanish at a competitive rate. You can send her a DM on Twitter or send her a message through this page &#8216;contact us&#8217; section. <br><br><strong>Isabella Rolz<\/strong> es una periodista biling\u00fce con m\u00e1s de ocho a\u00f1os de experiencia en la redacci\u00f3n de reportajes cortos y largos y dos a\u00f1os en la producci\u00f3n de v\u00eddeo. Le apasiona cubrir Centroam\u00e9rica, migraci\u00f3n, g\u00e9nero, desarrollo y pobreza. Su trabajo ha sido publicado en medios de comunicaci\u00f3n como el Washington Post, el Boston Globe, ABC News, CBS News, Univisi\u00f3n, The New Humanitarian, Positive.News, Clar\u00edn entre otros.<\/p>\n\n\n\n<p class=\"has-normal-font-size\"><br>Isabella naci\u00f3 y creci\u00f3 en la ciudad de Guatemala y complet\u00f3 su licenciatura en la Escuela de Periodismo de la Universidad de Columbia en Nueva York, con una beca de la Fundaci\u00f3n Mar\u00eda Moors. Actualmente<br>se encuentra entre Guatemala y Estados Unidos.<br><\/p>\n\n\n\n<p class=\"has-normal-font-size\">\u00bfEst\u00e1s interesado en trabajar con Isabella? Est\u00e1 disponible para trabajos freelance tanto en ingl\u00e9s como en espa\u00f1ol a una tarifa competitiva. Puedes enviarle un DM en Twitter o enviarle un mensaje a trav\u00e9s de la seccion &#8216;contact us&#8217;  de esta p\u00e1gina web.<\/p>\n<\/div>\n<\/div>\n<\/div>\n<\/div>\n\n\n\n<div style=\"height:252px\" aria-hidden=\"true\" class=\"wp-block-spacer\"><\/div>\n\n\n\n<div class=\"wp-container-14 wp-block-columns alignwide\">\n<div class=\"wp-container-10 wp-elements-ec4086d6b17b7f65759ef570fa13561a wp-block-column has-text-color has-background has-link-color\" style=\"background-color:#ffe97d;color:#000000;padding-top:2em;padding-right:2em;padding-bottom:2em;padding-left:2em\">\n<h2 id=\"single\" style=\"font-size:40px\"><strong>Immigration<\/strong><\/h2>\n\n\n\n<p class=\"has-normal-font-size\" style=\"line-height:1.5\">Isabella&#8217;s passionate about telling stories on migrants from Central America <\/p>\n\n\n\n<hr class=\"wp-block-separator has-text-color has-css-opacity has-background is-style-wide\" style=\"background-color:#000000;color:#000000\"\/>\n\n\n\n<ul class=\"has-normal-font-size\"><li><a rel=\"noreferrer noopener\" href=\"https:\/\/abcnews.go.com\/US\/survivor-deadliest-human-smuggling-case-us-history-speaks\/story?id=91394907\" data-type=\"URL\" data-id=\"https:\/\/abcnews.go.com\/US\/survivor-deadliest-human-smuggling-case-us-history-speaks\/story?id=91394907\" target=\"_blank\">https:\/\/abcnews.go.com\/US\/survivor-deadliest-human-smuggling-case-us-history-speaks\/story?id=91394907<\/a><\/li><li><a rel=\"noreferrer noopener\" href=\"https:\/\/www.thedailybeast.com\/nightmare-journey-to-america-ends-with-two-little-girls-orphaned\" data-type=\"URL\" data-id=\"https:\/\/www.thedailybeast.com\/nightmare-journey-to-america-ends-with-two-little-girls-orphaned\" target=\"_blank\">https:\/\/www.thedailybeast.com\/nightmare-journey-to-america-ends-with-two-little-girls-orphaned<\/a><\/li><li><a href=\"https:\/\/www.kernelmag.io\/2\/cryptocurrencies-remittances\" data-type=\"URL\" data-id=\"https:\/\/www.kernelmag.io\/2\/cryptocurrencies-remittances\">h<\/a><a href=\"https:\/\/www.kernelmag.io\/2\/cryptocurrencies-remittances\" data-type=\"URL\" data-id=\"https:\/\/www.kernelmag.io\/2\/cryptocurrencies-remittances\" target=\"_blank\" rel=\"noreferrer noopener\">ttps:\/\/www.kernelmag.io\/2\/cryptocurrencies-remittances<\/a><\/li><\/ul>\n\n\n\n<div class=\"wp-container-9 wp-block-buttons\"><\/div>\n<\/div>\n\n\n\n<div class=\"wp-container-12 wp-elements-d473badf43ce20bfd77597105a0aca82 wp-block-column has-text-color has-background has-link-color\" style=\"background-color:#d1d1e1;color:#000000;padding-top:2em;padding-right:2em;padding-bottom:2em;padding-left:2em\">\n<h2 id=\"family\" style=\"font-size:40px\">Gender<\/h2>\n\n\n\n<p class=\"has-normal-font-size\" style=\"line-height:1.5\">Isabella likes to tell stories about women in her native Guatemala and women&#8217;s empowerment<\/p>\n\n\n\n<hr class=\"wp-block-separator has-css-opacity is-style-wide\"\/>\n\n\n\n<ul class=\"has-normal-font-size\"><li><a rel=\"noreferrer noopener\" href=\"https:\/\/www.thinkglobalhealth.org\/article\/growing-beyond-cultural-barriers-guatemala\" data-type=\"URL\" data-id=\"https:\/\/www.thinkglobalhealth.org\/article\/growing-beyond-cultural-barriers-guatemala\" target=\"_blank\">https:\/\/www.thinkglobalhealth.org\/article\/growing-beyond-cultural-barriers-guatemala<\/a><\/li><li><a rel=\"noreferrer noopener\" href=\"https:\/\/www.washingtonpost.com\/national\/health-science\/a-ballet-of-living-hell-ex-dancer-recounts-her-battle-with-anorexia\/2018\/11\/09\/adad582c-d169-11e8-b2d2-f397227b43f0_story.html\" data-type=\"URL\" data-id=\"https:\/\/www.washingtonpost.com\/national\/health-science\/a-ballet-of-living-hell-ex-dancer-recounts-her-battle-with-anorexia\/2018\/11\/09\/adad582c-d169-11e8-b2d2-f397227b43f0_story.html\" target=\"_blank\">https:\/\/www.washingtonpost.com\/national\/health-science\/a-ballet-of-living-hell-ex-dancer-recounts-her-battle-with-anorexia\/2018\/11\/09\/adad582c-d169-11e8-b2d2-f397227b43f0_story.html<\/a><\/li><li><a href=\"https:\/\/www.univision.com\/noticias\/america-latina\/metodos-educativos-no-convencionales-empoderar-ninas-y-adolescentes-indigenas-guatemala\" data-type=\"URL\" data-id=\"https:\/\/www.univision.com\/noticias\/america-latina\/metodos-educativos-no-convencionales-empoderar-ninas-y-adolescentes-indigenas-guatemala\" target=\"_blank\" rel=\"noreferrer noopener\">https:\/\/www.univision.com\/noticias\/america-latina\/metodos-educativos-no-convencionales-empoderar-ninas-y-adolescentes-indigenas-guatemala<\/a><\/li><\/ul>\n\n\n\n<div class=\"wp-container-11 wp-block-buttons alignfull\"><\/div>\n<\/div>\n\n\n\n<div class=\"wp-container-13 wp-elements-6223565ec4de6f2a6a8377922bc97d63 wp-block-column has-text-color has-background has-link-color\" style=\"background-color:#c0ebf1;color:#000000;padding-top:2em;padding-right:2em;padding-bottom:2em;padding-left:2em\">\n<h2 id=\"patron\" style=\"font-size:40px\">Latin America<\/h2>\n\n\n\n<p class=\"has-normal-font-size\">Isabella writes and publishes stories on LATAM, especially, on Central America<\/p>\n\n\n\n<hr class=\"wp-block-separator has-css-opacity is-style-wide\"\/>\n\n\n\n<ul class=\"has-normal-font-size\"><li><a rel=\"noreferrer noopener\" href=\"https:\/\/www.washingtonpost.com\/travel\/2022\/01\/25\/adventure-tourism-costa-rica-guatemala\/\" data-type=\"URL\" data-id=\"https:\/\/www.washingtonpost.com\/travel\/2022\/01\/25\/adventure-tourism-costa-rica-guatemala\/\" target=\"_blank\">https:\/\/www.washingtonpost.com\/travel\/2022\/01\/25\/adventure-tourism-costa-rica-guatemala\/<\/a><\/li><li><a rel=\"noreferrer noopener\" href=\"https:\/\/www.washingtonpost.com\/travel\/2022\/07\/06\/el-salvador-bitcoin-beach\/\" data-type=\"URL\" data-id=\"https:\/\/www.washingtonpost.com\/travel\/2022\/07\/06\/el-salvador-bitcoin-beach\/\" target=\"_blank\">https:\/\/www.washingtonpost.com\/travel\/2022\/07\/06\/el-salvador-bitcoin-beach\/<\/a><\/li><li><a href=\"https:\/\/www.thedailybeast.com\/tikal-is-one-of-the-worlds-most-famous-pyramids-but-if-you-explore-the-jungle-beyond-you-might-see-a-jaguar\" data-type=\"URL\" data-id=\"https:\/\/www.thedailybeast.com\/tikal-is-one-of-the-worlds-most-famous-pyramids-but-if-you-explore-the-jungle-beyond-you-might-see-a-jaguar\" target=\"_blank\" rel=\"noreferrer noopener\">https:\/\/www.thedailybeast.com\/tikal-is-one-of-the-worlds-most-famous-pyramids-but-if-you-explore-the-jungle-beyond-you-might-see-a-jaguar<\/a><\/li><\/ul>\n<\/div>\n<\/div>\n\n\n\n<div class=\"wp-container-16 wp-block-group alignfull has-text-color has-background\" style=\"background-color:#ffffff;color:#000000\"><div class=\"wp-block-group__inner-container\">\n<div style=\"height:64px\" aria-hidden=\"true\" class=\"wp-block-spacer\"><\/div>\n\n\n\n<h2 class=\"alignfull has-text-align-center has-background-color has-text-color has-background\" id=\"schedule-a-visit\" style=\"background-color:#500024;font-size:59px;line-height:2\"><strong>Get in touch<\/strong> with me<\/h2>\n\n\n\n<div class=\"wp-container-15 wp-block-buttons\">\n<div class=\"wp-block-button has-custom-width wp-block-button__width-75 has-custom-font-size has-large-font-size\"><a class=\"wp-block-button__link has-text-color has-background\" style=\"border-radius:50px;background-color:#000000;color:#ffffff\">E-mail me<\/a><\/div>\n<\/div>\n\n\n\n<div style=\"height:64px\" aria-hidden=\"true\" class=\"wp-block-spacer\"><\/div>\n<\/div><\/div>\n","protected":false},"excerpt":{"rendered":"<p>Bio Isabella Rolz is a bilingual journalist with over eight years of experience writing short-form and long-form stories and two years in video production. She\u2019s passionate about covering Central America, immigration, gender, development, and poverty worldwide. Her work has been published in The Washington Post, The Boston Globe, ABC News, CBS News, The New Humanitarian,<a class=\"more-link\" href=\"http:\/\/isabellarolz.com\/website\/\">Continue reading <span class=\"screen-reader-text\">&#8220;Home&#8221;<\/span><\/a><\/p>\n","protected":false},"author":1,"featured_media":0,"parent":0,"menu_order":0,"comment_status":"closed","ping_status":"closed","template":"blog\/page-templates\/full-width.php","meta":[],"_links":{"self":[{"href":"http:\/\/isabellarolz.com\/website\/index.php\/wp-json\/wp\/v2\/pages\/19"}],"collection":[{"href":"http:\/\/isabellarolz.com\/website\/index.php\/wp-json\/wp\/v2\/pages"}],"about":[{"href":"http:\/\/isabellarolz.com\/website\/index.php\/wp-json\/wp\/v2\/types\/page"}],"author":[{"embeddable":true,"href":"http:\/\/isabellarolz.com\/website\/index.php\/wp-json\/wp\/v2\/users\/1"}],"replies":[{"embeddable":true,"href":"http:\/\/isabellarolz.com\/website\/index.php\/wp-json\/wp\/v2\/comments?post=19"}],"version-history":[{"count":36,"href":"http:\/\/isabellarolz.com\/website\/index.php\/wp-json\/wp\/v2\/pages\/19\/revisions"}],"predecessor-version":[{"id":309,"href":"http:\/\/isabellarolz.com\/website\/index.php\/wp-json\/wp\/v2\/pages\/19\/revisions\/309"}],"wp:attachment":[{"href":"http:\/\/isabellarolz.com\/website\/index.php\/wp-json\/wp\/v2\/media?parent=19"}],"curies":[{"name":"wp","href":"https:\/\/api.w.org\/{rel}","templated":true}]}}

<div class="wp-container-2 wp-block-columns">
<div class="wp-container-1 wp-block-column" style="flex-basis:100%">
<div class="alignfull"><div id="metaslider-id-179" style="width: 100%;" class="ml-slider-3-27-8 metaslider metaslider-flex metaslider-179 ml-slider">
    <div id="metaslider_container_179">
        <div id="metaslider_179">
            <ul aria-live="polite" class="slides">
                <li style="display: block; width: 100%;" class="slide-181 ms-image"><img src="http://isabellarolz.com/website/wp-content/uploads/2022/07/IMG_6460-1-700x700.jpg" height="700" width="700" alt="Taking Pictures...." class="slider-179 slide-181" title="Taking Pictures...." /></li>
                <li style="display: none; width: 100%;" class="slide-183 ms-image"><img src="http://isabellarolz.com/website/wp-content/uploads/2022/07/4DEDCBC5-D893-41D7-A9D7-A50642F9E80D-700x700.jpg" height="700" width="700" alt="Isabella Rolz..." class="slider-179 slide-183" title="Isabella Rolz..." /></li>
            </ul>
        </div>
        
    </div>
</div></div>
</div>
</div>



<div class="wp-container-3 wp-block-group"><div class="wp-block-group__inner-container">
<div style="height:150px" aria-hidden="true" class="wp-block-spacer"></div>
</div></div>



<div class="wp-container-8 wp-block-columns alignwide">
<div class="wp-container-4 wp-block-column" style="flex-basis:50%">
<div class="wp-block-cover is-light" style="min-height:1176px"><span aria-hidden="true" class="wp-block-cover__background has-background-dim-100 has-background-dim has-background-gradient has-blush-light-purple-gradient-background"></span><div class="wp-block-cover__inner-container"><div class="wp-block-image">
<figure class="aligncenter size-full"><img src="http://isabellarolz.com/website/wp-content/uploads/2024/01/Headshot-two-.heic" alt="" class="wp-image-273"/></figure></div></div></div>



<figure class="wp-block-embed is-type-video is-provider-youtube wp-block-embed-youtube wp-embed-aspect-16-9 wp-has-aspect-ratio"><div class="wp-block-embed__wrapper">
<iframe loading="lazy" title="Panel: How Women and Girls are Affected by Conflict and Displacement - 9 February 2023" width="1200" height="675" src="https://www.youtube.com/embed/Xzbxf3YRg_g?start=1&#038;feature=oembed" frameborder="0" allow="accelerometer; autoplay; clipboard-write; encrypted-media; gyroscope; picture-in-picture; web-share" referrerpolicy="strict-origin-when-cross-origin" allowfullscreen></iframe>
</div><figcaption><strong>Isabella was invited as an expert to participate in the panel ¨How Women and Girls are Affected by Conflict and Displacement.¨She discussed how this issue affects Latin America. </strong></figcaption></figure>
</div>



<div class="wp-container-7 wp-block-column is-vertically-aligned-center" style="padding-top:1em;padding-right:1em;padding-bottom:1em;padding-left:1em">
<div class="wp-container-6 wp-block-columns">
<div class="wp-container-5 wp-block-column" style="flex-basis:500px">
<p class="has-large-font-size" style="line-height:1.6"><strong>Bio</strong></p>



<p class="has-normal-font-size"><strong>Isabella Rolz</strong> is a bilingual journalist with over eight years of experience writing short-form and long-form stories and two years in video production. She’s passionate about covering Central America, immigration, gender, development, and poverty worldwide. Her work has been published in The Washington Post, The Boston Globe, ABC News, CBS News, The New Humanitarian, Univision, and several other media outlets.<br></p>



<p class="has-normal-font-size">Isabella was born and raised in Guatemala City and completed her Graduate Degree at Columbia University’s Journalism School in New York, with a scholarship from the Maria Moors Foundation. She’s currently based between Guatemala and the United States. </p>



<p class="has-normal-font-size"><br>Interested in working with Isabella? She’s available for freelance assignments both in English and Spanish at a competitive rate. You can send her a DM on Twitter or send her a message through this page &#8216;contact us&#8217; section. <br><br><strong>Isabella Rolz</strong> es una periodista bilingüe con más de ocho años de experiencia en la redacción de reportajes cortos y largos y dos años en la producción de vídeo. Le apasiona cubrir Centroamérica, migración, género, desarrollo y pobreza. Su trabajo ha sido publicado en medios de comunicación como el Washington Post, el Boston Globe, ABC News, CBS News, Univisión, The New Humanitarian, Positive.News, Clarín entre otros.</p>



<p class="has-normal-font-size"><br>Isabella nació y creció en la ciudad de Guatemala y completó su licenciatura en la Escuela de Periodismo de la Universidad de Columbia en Nueva York, con una beca de la Fundación María Moors. Actualmente<br>se encuentra entre Guatemala y Estados Unidos.<br></p>



<p class="has-normal-font-size">¿Estás interesado en trabajar con Isabella? Está disponible para trabajos freelance tanto en inglés como en español a una tarifa competitiva. Puedes enviarle un DM en Twitter o enviarle un mensaje a través de la seccion &#8216;contact us&#8217;  de esta página web.</p>
</div>
</div>
</div>
</div>



<div style="height:252px" aria-hidden="true" class="wp-block-spacer"></div>



<div class="wp-container-14 wp-block-columns alignwide">
<div class="wp-container-10 wp-elements-ec4086d6b17b7f65759ef570fa13561a wp-block-column has-text-color has-background has-link-color" style="background-color:#ffe97d;color:#000000;padding-top:2em;padding-right:2em;padding-bottom:2em;padding-left:2em">
<h2 id="single" style="font-size:40px"><strong>Immigration</strong></h2>



<p class="has-normal-font-size" style="line-height:1.5">Isabella&#8217;s passionate about telling stories on migrants from Central America </p>



<hr class="wp-block-separator has-text-color has-css-opacity has-background is-style-wide" style="background-color:#000000;color:#000000"/>



<ul class="has-normal-font-size"><li><a rel="noreferrer noopener" href="https://abcnews.go.com/US/survivor-deadliest-human-smuggling-case-us-history-speaks/story?id=91394907" data-type="URL" data-id="https://abcnews.go.com/US/survivor-deadliest-human-smuggling-case-us-history-speaks/story?id=91394907" target="_blank">https://abcnews.go.com/US/survivor-deadliest-human-smuggling-case-us-history-speaks/story?id=91394907</a></li><li><a rel="noreferrer noopener" href="https://www.thedailybeast.com/nightmare-journey-to-america-ends-with-two-little-girls-orphaned" data-type="URL" data-id="https://www.thedailybeast.com/nightmare-journey-to-america-ends-with-two-little-girls-orphaned" target="_blank">https://www.thedailybeast.com/nightmare-journey-to-america-ends-with-two-little-girls-orphaned</a></li><li><a href="https://www.kernelmag.io/2/cryptocurrencies-remittances" data-type="URL" data-id="https://www.kernelmag.io/2/cryptocurrencies-remittances">h</a><a href="https://www.kernelmag.io/2/cryptocurrencies-remittances" data-type="URL" data-id="https://www.kernelmag.io/2/cryptocurrencies-remittances" target="_blank" rel="noreferrer noopener">ttps://www.kernelmag.io/2/cryptocurrencies-remittances</a></li></ul>



<div class="wp-container-9 wp-block-buttons"></div>
</div>



<div class="wp-container-12 wp-elements-d473badf43ce20bfd77597105a0aca82 wp-block-column has-text-color has-background has-link-color" style="background-color:#d1d1e1;color:#000000;padding-top:2em;padding-right:2em;padding-bottom:2em;padding-left:2em">
<h2 id="family" style="font-size:40px">Gender</h2>



<p class="has-normal-font-size" style="line-height:1.5">Isabella likes to tell stories about women in her native Guatemala and women&#8217;s empowerment</p>



<hr class="wp-block-separator has-css-opacity is-style-wide"/>



<ul class="has-normal-font-size"><li><a rel="noreferrer noopener" href="https://www.thinkglobalhealth.org/article/growing-beyond-cultural-barriers-guatemala" data-type="URL" data-id="https://www.thinkglobalhealth.org/article/growing-beyond-cultural-barriers-guatemala" target="_blank">https://www.thinkglobalhealth.org/article/growing-beyond-cultural-barriers-guatemala</a></li><li><a rel="noreferrer noopener" href="https://www.washingtonpost.com/national/health-science/a-ballet-of-living-hell-ex-dancer-recounts-her-battle-with-anorexia/2018/11/09/adad582c-d169-11e8-b2d2-f397227b43f0_story.html" data-type="URL" data-id="https://www.washingtonpost.com/national/health-science/a-ballet-of-living-hell-ex-dancer-recounts-her-battle-with-anorexia/2018/11/09/adad582c-d169-11e8-b2d2-f397227b43f0_story.html" target="_blank">https://www.washingtonpost.com/national/health-science/a-ballet-of-living-hell-ex-dancer-recounts-her-battle-with-anorexia/2018/11/09/adad582c-d169-11e8-b2d2-f397227b43f0_story.html</a></li><li><a href="https://www.univision.com/noticias/america-latina/metodos-educativos-no-convencionales-empoderar-ninas-y-adolescentes-indigenas-guatemala" data-type="URL" data-id="https://www.univision.com/noticias/america-latina/metodos-educativos-no-convencionales-empoderar-ninas-y-adolescentes-indigenas-guatemala" target="_blank" rel="noreferrer noopener">https://www.univision.com/noticias/america-latina/metodos-educativos-no-convencionales-empoderar-ninas-y-adolescentes-indigenas-guatemala</a></li></ul>



<div class="wp-container-11 wp-block-buttons alignfull"></div>
</div>



<div class="wp-container-13 wp-elements-6223565ec4de6f2a6a8377922bc97d63 wp-block-column has-text-color has-background has-link-color" style="background-color:#c0ebf1;color:#000000;padding-top:2em;padding-right:2em;padding-bottom:2em;padding-left:2em">
<h2 id="patron" style="font-size:40px">Latin America</h2>



<p class="has-normal-font-size">Isabella writes and publishes stories on LATAM, especially, on Central America</p>



<hr class="wp-block-separator has-css-opacity is-style-wide"/>



<ul class="has-normal-font-size"><li><a rel="noreferrer noopener" href="https://www.washingtonpost.com/travel/2022/01/25/adventure-tourism-costa-rica-guatemala/" data-type="URL" data-id="https://www.washingtonpost.com/travel/2022/01/25/adventure-tourism-costa-rica-guatemala/" target="_blank">https://www.washingtonpost.com/travel/2022/01/25/adventure-tourism-costa-rica-guatemala/</a></li><li><a rel="noreferrer noopener" href="https://www.washingtonpost.com/travel/2022/07/06/el-salvador-bitcoin-beach/" data-type="URL" data-id="https://www.washingtonpost.com/travel/2022/07/06/el-salvador-bitcoin-beach/" target="_blank">https://www.washingtonpost.com/travel/2022/07/06/el-salvador-bitcoin-beach/</a></li><li><a href="https://www.thedailybeast.com/tikal-is-one-of-the-worlds-most-famous-pyramids-but-if-you-explore-the-jungle-beyond-you-might-see-a-jaguar" data-type="URL" data-id="https://www.thedailybeast.com/tikal-is-one-of-the-worlds-most-famous-pyramids-but-if-you-explore-the-jungle-beyond-you-might-see-a-jaguar" target="_blank" rel="noreferrer noopener">https://www.thedailybeast.com/tikal-is-one-of-the-worlds-most-famous-pyramids-but-if-you-explore-the-jungle-beyond-you-might-see-a-jaguar</a></li></ul>
</div>
</div>



<div class="wp-container-16 wp-block-group alignfull has-text-color has-background" style="background-color:#ffffff;color:#000000"><div class="wp-block-group__inner-container">
<div style="height:64px" aria-hidden="true" class="wp-block-spacer"></div>



<h2 class="alignfull has-text-align-center has-background-color has-text-color has-background" id="schedule-a-visit" style="background-color:#500024;font-size:59px;line-height:2"><strong>Get in touch</strong> with me</h2>



<div class="wp-container-15 wp-block-buttons">
<div class="wp-block-button has-custom-width wp-block-button__width-75 has-custom-font-size has-large-font-size"><a class="wp-block-button__link has-text-color has-background" style="border-radius:50px;background-color:#000000;color:#ffffff">E-mail me</a></div>
</div>



<div style="height:64px" aria-hidden="true" class="wp-block-spacer"></div>
</div></div>
